is the remainder when 225 is divided by 29?
22
What is the remainder when 7186 is divided by 47?
42
What is the remainder when 40934 is divided by 28?
26
Calculate the remainder when 3984 is divided by 661.
18
Calculate the remainder when 3054 is divided by 6.
0
Calculate the remainder when 1455 is divided by 14.
13
Calculate the remainder when 106 is divided by 35.
1
Calculate the remainder when 42742 is divided by 39.
37
What is the remainder when 1582 is divided by 88?
86
Calculate the remainder when 24 is divided by 21.
3
Calculate the remainder when 3611 is divided by 26.
23
What is the remainder when 545 is divided by 26?
25
Calculate the remainder when 2350 is divided by 195.
10
Calculate the remainder when 36 is divided by 19.
17
Calculate the remainder when 2189 is divided by 35.
19
Calculate the remainder when 5565 is divided by 32.
29
What is the remainder when 577 is divided by 17?
16
Calculate the remainder when 132 is divided by 60.
12
What is the remainder when 5882 is divided by 31?
23
What is the remainder when 289 is divided by 23?
13
What is the remainder when 128 is divided by 36?
20
Calculate the remainder when 35 is divided by 16.
3
What is the remainder when 166 is divided by 13?
10
Calculate the remainder when 606 is divided by 203.
200
Calculate the remainder when 30 is divided by 8.
6
What is the remainder when 215 is divided by 51?
11
What is the remainder when 204 is divided by 72?
60
What is the remainder when 467 is divided by 137?
56
Calculate the remainder when 2845 is divided by 13.
11
Calculate the remainder when 5550 is divided by 35.
20
What is the remainder when 439 is divided by 13?
10
What is the remainder when 140 is divided by 8?
4
What is the remainder when 130 is divided by 17?
11
Calculate the remainder when 2123 is divided by 15.
8
Calculate the remainder when 30312 is divided by 186.
180
What is the remainder when 760 is divided by 15?
10
What is the remainder when 5958 is divided by 157?
149
What is the remainder when 38 is divided by 14?
10
Calculate the remainder when 9266 is divided by 23.
20
Calculate the remainder when 228 is divided by 13.
7
Calculate the remainder when 910 is divided by 63.
28
Calculate the remainder when 1413 is divided by 173.
29
What is the remainder when 1139 is divided by 192?
179
What is the remainder when 392 is divided by 58?
44
What is the remainder when 479 is divided by 194?
91
Calculate the remainder when 2052 is divided by 79.
77
Calculate the remainder when 1073 is divided by 122.
97
What is the remainder when 17615 is divided by 23?
20
What is the remainder when 7389 is divided by 14?
11
Calculate the remainder when 180 is divided by 37.
32
What is the remainder when 2338 is divided by 11?
6
What is the remainder when 485 is divided by 241?
3
Calculate the remainder when 2846 is divided by 151.
128
What is the remainder when 23 is divided by 13?
10
What is the remainder when 11 is divided by 3?
2
What is the remainder when 95 is divided by 16?
15
What is the remainder when 109 is divided by 53?
3
Calculate the remainder when 153 is divided by 10.
3
Calculate the remainder when 719 is divided by 16.
15
What is the remainder when 9462 is divided by 18?
12
Calculate the remainder when 1483 is divided by 93.
88
Calculate the remainder when 4076 is divided by 20.
16
Calculate the remainder when 646 is divided by 33.
19
Calculate the remainder when 147 is divided by 33.
15
What is the remainder when 557 is divided by 43?
41
Calculate the remainder when 269 is divided by 30.
29
What is the remainder when 193 is divided by 45?
13
Calculate the remainder when 3669 is divided by 23.
12
Calculate the remainder when 76 is divided by 39.
37
Calculate the remainder when 881 is divided by 129.
107
What is the remainder when 164 is divided by 29?
19
What is the remainder when 14545 is divided by 14?
13
Calculate the remainder when 329 is divided by 301.
28
What is the remainder when 742 is divided by 19?
1
Calculate the remainder when 318 is divided by 32.
30
What is the remainder when 513 is divided by 134?
111
What is the remainder when 482 is divided by 82?
72
What is the remainder when 464 is divided by 19?
8
What is the remainder when 5 is divided by 4?
1
Calculate the remainder when 4217 is divided by 74.
73
What is the remainder when 218 is divided by 38?
28
Calculate the remainder when 620 is divided by 283.
54
What is the remainder when 84 is divided by 17?
16
What is the remainder when 92 is divided by 29?
5
What is the remainder when 103 is divided by 19?
8
What is the remainder when 75 is divided by 38?
37
What is the remainder when 290 is divided by 145?
0
What is the remainder when 681 is divided by 19?
16
Calculate the remainder when 173 is divided by 18.
11
What is the remainder when 121 is divided by 44?
33
Calculate the remainder when 194 is divided by 17.
7
What is the remainder when 175 is divided by 126?
49
What is the remainder when 156 is divided by 55?
46
What is the remainder when 1534 is divided by 8?
6
What is the remainder when 58 is divided by 3?
1
Calculate the remainder when 148 is divided by 38.
34
Calculate the remainder when 296 is divided by 38.
30
Calculate the remainder when 148 is divided by 19.
15
What is the remainder when 301 is divided by 92?
25
Calculate the remainder when 404 is divided by 12.
8
Calculate the remainder when 1520 is divided by 384.
368
Calculate the remainder when 4207 is divided by 69.
67
Calculate the remainder when 119 is divided by 12.
11
What is the remainder when 114 is divided by 112?
2
What is the remainder when 2341 is divided by 56?
45
What is the remainder when 1167 is divided by 174?
123
Calculate the remainder when 7 is divided by 4.
3
What is the remainder when 288 is divided by 194?
94
Calculate the remainder when 1114 is divided by 66.
58
Calculate the remainder when 12598 is divided by 35.
33
What is the remainder when 582 is divided by 73?
71
What is the remainder when 6814 is divided by 16?
14
What is the remainder when 672 is divided by 27?
24
What is the remainder when 456 is divided by 163?
130
What is the remainder when 3814 is divided by 106?
104
Calculate the remainder when 959 is divided by 276.
131
What is the remainder when 3189 is divided by 58?
57
Calculate the remainder when 3276 is divided by 40.
36
What is the remainder when 1624 is divided by 179?
13
Calculate the remainder when 211 is divided by 71.
69
Calculate the remainder when 237 is divided by 161.
76
Calculate the remainder when 50 is divided by 19.
12
What is the remainder when 215 is divided by 7?
5
What is the remainder when 598 is divided by 10?
8
Calculate the remainder when 2238 is divided by 83.
80
Calculate the remainder when 3039 is divided by 80.
79
What is the remainder when 2111 is divided by 24?
23
Calculate the remainder when 407 is divided by 398.
9
What is the remainder when 8579 is divided by 143?
142
Calculate the remainder when 88 is divided by 30.
28
Calculate the remainder when 209 is divided by 25.
9
What is the remainder when 309 is divided by 79?
72
Calculate the remainder when 4463 is divided by 9.
8
What is the remainder when 136 is divided by 46?
44
What is the remainder when 201 is divided by 72?
57
What is the remainder when 25724 is divided by 310?
304
What is the remainder when 30 is divided by 12?
6
Calculate the remainder when 862 is divided by 282.
16
What is the remainder when 722 is divided by 92?
78
What is the remainder when 1608 is divided by 20?
8
What is the remainder when 8453 is divided by 2111?
9
What is the remainder when 327 is divided by 47?
45
What is the remainder when 409 is divided by 46?
41
What is the remainder when 113 is divided by 63?
50
Calculate the remainder when 718 is divided by 232.
22
What is the remainder when 12258 is divided by 41?
40
Calculate the remainder when 25 is divided by 10.
5
What is the remainder when 89 is divided by 31?
27
Calculate the remainder when 257 is divided by 246.
11
Calculate the remainder when 1048 is divided by 35.
33
Calculate the remainder when 4064 is divided by 107.
105
Calculate the remainder when 5066 is divided by 203.
194
Calculate the remainder when 1702 is divided by 845.
12
What is the remainder when 185 is divided by 8